{"id":64,"date":"2018-06-11T15:06:24","date_gmt":"2018-06-11T13:06:24","guid":{"rendered":"http:\/\/www.allgaeu-jazz.de\/?page_id=64"},"modified":"2024-07-07T19:51:47","modified_gmt":"2024-07-07T17:51:47","slug":"sessionorte","status":"publish","type":"page","link":"http:\/\/www.allgaeu-jazz.de\/index.php\/sessionorte\/","title":{"rendered":"Sessionorte"},"content":{"rendered":"<h2>Folgende Orte bieten regelm\u00e4\u00dfig Sessions an:<\/h2>\n<p><a href=\"http:\/\/www.allgaeu-jazz.de\/index.php\/sessionorte\/landsberg-am-lech\/\">Landsber<\/a>g<a href=\"http:\/\/www.allgaeu-jazz.de\/index.php\/sessionorte\/landsberg-am-lech\/\"> am Lech<\/a><\/p>\n<p><a href=\"http:\/\/www.allgaeu-jazz.de\/index.php\/kaufbeuren-2\/\">Kaufbeuren<\/a><\/p>\n<p>Lieber Besucher,<\/p>\n<p>Die hier aufgef\u00fchrte Orte der Region bieten seit Jahren regelm\u00e4\u00dfige Jazz Sessions.<br \/>\nAuch andere Orte im Allg\u00e4uer Raum f\u00fchren Sessions durch. Allerdings nicht in einem regelm\u00e4\u00dfigen Rahmen.<br \/>\nDie AJI nimmt Orte, die eine feste Session bieten gerne auf.<\/p>\n<p>Dar\u00fcber hinaus bietet die AJI eine Veranstaltungsservice in Form eines Kalenders. Jede Jazzveranstaltung wird gerne aufgenommen. Eine E-Mail an <a href=\"mailto:info@allgaeu-jazz.de\">info@allgaeu-jazz.de<\/a>\u00a0gen\u00fcgt.<\/p>\n","protected":false},"excerpt":{"rendered":"<p>Folgende Orte bieten regelm\u00e4\u00dfig Sessions an: Landsberg am Lech Kaufbeuren Lieber Besucher, Die hier aufgef\u00fchrte Orte der Region bieten seit Jahren regelm\u00e4\u00dfige Jazz Sessions. Auch andere Orte im Allg\u00e4uer Raum [&hellip;]<\/p>\n","protected":false},"author":1,"featured_media":0,"parent":0,"menu_order":0,"comment_status":"closed","ping_status":"closed","template":"","meta":{"_EventAllDay":false,"_EventTimezone":"","_EventStartDate":"","_EventEndDate":"","_EventStartDateUTC":"","_EventEndDateUTC":"","_EventShowMap":false,"_EventShowMapLink":false,"_EventURL":"","_EventCost":"","_EventCostDescription":"","_EventCurrencySymbol":"","_EventCurrencyCode":"","_EventCurrencyPosition":"","_EventDateTimeSeparator":"","_EventTimeRangeSeparator":"","_EventOrganizerID":[],"_EventVenueID":[],"_OrganizerEmail":"","_OrganizerPhone":"","_OrganizerWebsite":"","_VenueAddress":"","_VenueCity":"","_VenueCountry":"","_VenueProvince":"","_VenueState":"","_VenueZip":"","_VenuePhone":"","_VenueURL":"","_VenueStateProvince":"","_VenueLat":"","_VenueLng":"","_VenueShowMap":false,"_VenueShowMapLink":false,"footnotes":""},"class_list":["post-64","page","type-page","status-publish","hentry"],"_links":{"self":[{"href":"http:\/\/www.allgaeu-jazz.de\/index.php\/wp-json\/wp\/v2\/pages\/64"}],"collection":[{"href":"http:\/\/www.allgaeu-jazz.de\/index.php\/wp-json\/wp\/v2\/pages"}],"about":[{"href":"http:\/\/www.allgaeu-jazz.de\/index.php\/wp-json\/wp\/v2\/types\/page"}],"author":[{"embeddable":true,"href":"http:\/\/www.allgaeu-jazz.de\/index.php\/wp-json\/wp\/v2\/users\/1"}],"replies":[{"embeddable":true,"href":"http:\/\/www.allgaeu-jazz.de\/index.php\/wp-json\/wp\/v2\/comments?post=64"}],"version-history":[{"count":15,"href":"http:\/\/www.allgaeu-jazz.de\/index.php\/wp-json\/wp\/v2\/pages\/64\/revisions"}],"predecessor-version":[{"id":595,"href":"http:\/\/www.allgaeu-jazz.de\/index.php\/wp-json\/wp\/v2\/pages\/64\/revisions\/595"}],"wp:attachment":[{"href":"http:\/\/www.allgaeu-jazz.de\/index.php\/wp-json\/wp\/v2\/media?parent=64"}],"curies":[{"name":"wp","href":"https:\/\/api.w.org\/{rel}","templated":true}]}}