{"id":4,"date":"2018-05-07T16:05:16","date_gmt":"2018-05-07T14:05:16","guid":{"rendered":"http:\/\/www.allgaeu-jazz.de\/?page_id=4"},"modified":"2024-08-19T09:00:05","modified_gmt":"2024-08-19T07:00:05","slug":"home-aji","status":"publish","type":"page","link":"http:\/\/www.allgaeu-jazz.de\/","title":{"rendered":"Home-AJI"},"content":{"rendered":"<h3><strong>Informationen \u00fcber uns: f\u00fcr mehr Jazz im Allg\u00e4u<\/strong><\/h3>\n<h2>Geschichte<\/h2>\n<p>Die Allg\u00e4uer Jazz Initiative wurde 1990 von jazzbegeisterten Musikern, Veranstaltern und Musikfreunden in Kaufbeuren gegr\u00fcndet.<\/p>\n<p>Das Ziel ist es, den Jazz in seiner gesamten Bandbreite interessierten Zuh\u00f6rern und Musikern n\u00e4her zu bringen. Was damals mit 14 Gr\u00fcndungsmitgliedern begann, ist heute zu einer angesehenen Interessenvertretung mit \u00fcber 160 Mitgliedern geworden.<\/p>\n<h2>Aktivit\u00e4ten<\/h2>\n<p>Wir als Allg\u00e4uer Jazz Initiative wollen dem Jazz einen angemessenen Platz im Allg\u00e4uer Musik- und Kulturleben verschaffen. Alle Spielarten und Stilformen dieser gro\u00dfartigen und lebendigen Musikrichtung werden von uns gef\u00f6rdert.<\/p>\n<p>Das schlie\u00dft sowohl traditionellen wie modernen Jazz ein. Ein besonderes Anliegen unseres Vereins ist die F\u00f6rderung des musikalischen Nachwuchses.<\/p>\n<p>Wir verstehen uns als Vermittler zwischen Musikern, Bands, Veranstaltern und Jazzh\u00f6rern. Au\u00dferdem betreiben wir Kontaktpflege zwischen der Musikszene, \u00f6ffentlichen Stellen und der heimischen Wirtschaft.<\/p>\n<h2>Wir veranstalten regelm\u00e4\u00dfig<\/h2>\n<ul>\n<li>monatliche Sessions in Kaufbeuren und Landsberg am Lech<\/li>\n<li>Konzerte mit hochklassigen MusikerInnen der internationalen Jazzszene<\/li>\n<li>Konzerte mit regionalen MusikerInnen<\/li>\n<li>Workshops f\u00fcr Anf\u00e4nger und Fortgeschrittene<\/li>\n<\/ul>\n<h2>F\u00fcr die Mitglieder<\/h2>\n<p>Unsere Mitglieder bekommen Erm\u00e4\u00dfigung bei allen, Konzerten, welche die AJI veranstaltet und ebenso bei unseren Jazz-Workshops.<\/p>\n<p>Einmal im Jahr treffen wir uns zur Mitgliederversammlung. Dort legt der Vorstand Rechenschaft \u00fcber seine Aktivit\u00e4ten ab, berichtet \u00fcber seine T\u00e4tigkeit, und es werden neue Ideen und Anregungen diskutiert.<\/p>\n<h2>Vorstand<\/h2>\n<p>Erster und zweiter Vorsitzender, Kassier und Schriftf\u00fchrer bilden den Vorstand des Vereins. Dieser f\u00fchrt die laufenden Gesch\u00e4fte des Vereins und vertritt ihn in der \u00d6ffentlichkeit.<\/p>\n<p>Der Vorstand arbeitet ehrenamtlich.<\/p>\n<h2>Mitgliedsbeitr\u00e4ge<\/h2>\n<p>F\u00fcr Sch\u00fcler, Studenten, Wehrpflichtige, Zivildienstleistende, Arbeitslose etc. betr\u00e4gt der Beitrag 15 \u20ac. Erwachsene zahlen 45 \u20ac und Familien 60 \u20ac pro Jahr. Eine Befreiung vom Jahresbeitrag oder eine Reduzierung kann der Vorstand beschlie\u00dfen. Alle Mitgliedsbeitr\u00e4ge werden ausschlie\u00dflich f\u00fcr Vereinszwecke, gem\u00e4\u00df der Vereinssatzung verwendet.<\/p>\n<h2>Spenden<\/h2>\n<p>Die Allg\u00e4uer Jazz Initiative e.V. ist vom Finanzamt Kaufbeuren als gemeinn\u00fctzig anerkannt. Spenden an den Verein sind steuerlich abzugsf\u00e4hig.<\/p>\n<h2>Beitritt<\/h2>\n<p>Zum Verein jederzeit gerne. Bitte Kontakt aufnehmen. Das Beitrittsformular hierzu finden Sie unter folgendem Link:<\/p>\n<p><a href=\"http:\/\/www.allgaeu-jazz.de\/wp-content\/uploads\/2018\/05\/Beitritt-zur-Allg\u00e4uer-Jazz-Initiative.pdf\" target=\"_blank\" rel=\"noopener\">Beitritt zur Allg\u00e4uer Jazz Initiative<\/a><\/p>\n<p>Oder treten Sie bei Fragen und Anregungen gerne jederzeit per E-Mail mit uns in Kontakt:<\/p>\n<p><a href=\"http:\/\/www.allgaeu-jazz.de\/index.php\/kontakt\/\">Hier geht&#8217;s zum Kontaktformular<\/a><\/p>\n","protected":false},"excerpt":{"rendered":"<p>Informationen \u00fcber uns: f\u00fcr mehr Jazz im Allg\u00e4u Geschichte Die Allg\u00e4uer Jazz Initiative wurde 1990 von jazzbegeisterten Musikern, Veranstaltern und Musikfreunden in Kaufbeuren gegr\u00fcndet. Das Ziel ist es, den Jazz [&hellip;]<\/p>\n","protected":false},"author":1,"featured_media":0,"parent":0,"menu_order":0,"comment_status":"closed","ping_status":"closed","template":"","meta":{"_EventAllDay":false,"_EventTimezone":"","_EventStartDate":"","_EventEndDate":"","_EventStartDateUTC":"","_EventEndDateUTC":"","_EventShowMap":false,"_EventShowMapLink":false,"_EventURL":"","_EventCost":"","_EventCostDescription":"","_EventCurrencySymbol":"","_EventCurrencyCode":"","_EventCurrencyPosition":"","_EventDateTimeSeparator":"","_EventTimeRangeSeparator":"","_EventOrganizerID":[],"_EventVenueID":[],"_OrganizerEmail":"","_OrganizerPhone":"","_OrganizerWebsite":"","_VenueAddress":"","_VenueCity":"","_VenueCountry":"","_VenueProvince":"","_VenueState":"","_VenueZip":"","_VenuePhone":"","_VenueURL":"","_VenueStateProvince":"","_VenueLat":"","_VenueLng":"","_VenueShowMap":false,"_VenueShowMapLink":false,"footnotes":""},"class_list":["post-4","page","type-page","status-publish","hentry"],"_links":{"self":[{"href":"http:\/\/www.allgaeu-jazz.de\/index.php\/wp-json\/wp\/v2\/pages\/4"}],"collection":[{"href":"http:\/\/www.allgaeu-jazz.de\/index.php\/wp-json\/wp\/v2\/pages"}],"about":[{"href":"http:\/\/www.allgaeu-jazz.de\/index.php\/wp-json\/wp\/v2\/types\/page"}],"author":[{"embeddable":true,"href":"http:\/\/www.allgaeu-jazz.de\/index.php\/wp-json\/wp\/v2\/users\/1"}],"replies":[{"embeddable":true,"href":"http:\/\/www.allgaeu-jazz.de\/index.php\/wp-json\/wp\/v2\/comments?post=4"}],"version-history":[{"count":16,"href":"http:\/\/www.allgaeu-jazz.de\/index.php\/wp-json\/wp\/v2\/pages\/4\/revisions"}],"predecessor-version":[{"id":620,"href":"http:\/\/www.allgaeu-jazz.de\/index.php\/wp-json\/wp\/v2\/pages\/4\/revisions\/620"}],"wp:attachment":[{"href":"http:\/\/www.allgaeu-jazz.de\/index.php\/wp-json\/wp\/v2\/media?parent=4"}],"curies":[{"name":"wp","href":"https:\/\/api.w.org\/{rel}","templated":true}]}}