{"id":193,"date":"2020-02-16T15:29:50","date_gmt":"2020-02-16T14:29:50","guid":{"rendered":"http:\/\/www.allgaeu-jazz.de\/?page_id=193"},"modified":"2024-07-07T19:50:17","modified_gmt":"2024-07-07T17:50:17","slug":"landsberg-am-lech","status":"publish","type":"page","link":"http:\/\/www.allgaeu-jazz.de\/index.php\/sessionorte\/landsberg-am-lech\/","title":{"rendered":"Landsberg am Lech"},"content":{"rendered":"<p><strong>Ort:\u00a0<\/strong>Bahnhofplatz 4, 86899 Landsberg<\/p>\n<p><strong>Location:\u00a0<\/strong>Lechline<\/p>\n<p><a href=\"https:\/\/www.lech-line.de\/\"><strong>Zur Location-Website<\/strong><\/a><\/p>\n<p><b>leider gibt es derzeit keine Sessions in Landsberg :-((<\/b><\/p>\n<p><strong>Sessionleitung:\u00a0<\/strong>Stefan Pentenrieder<\/p>\n<figure id=\"attachment_197\" aria-describedby=\"caption-attachment-197\" style=\"width: 525px\" class=\"wp-caption aligncenter\"><a href=\"http:\/\/www.allgaeu-jazz.de\/wp-content\/uploads\/2020\/02\/20200205_212310.jpg\"><img loading=\"lazy\" decoding=\"async\" class=\"wp-image-197 size-large\" src=\"http:\/\/www.allgaeu-jazz.de\/wp-content\/uploads\/2020\/02\/20200205_212310-1024x576.jpg\" alt=\"Session in Landsberg am Lech\" width=\"525\" height=\"295\" srcset=\"http:\/\/www.allgaeu-jazz.de\/wp-content\/uploads\/2020\/02\/20200205_212310-1024x576.jpg 1024w, http:\/\/www.allgaeu-jazz.de\/wp-content\/uploads\/2020\/02\/20200205_212310-300x169.jpg 300w, http:\/\/www.allgaeu-jazz.de\/wp-content\/uploads\/2020\/02\/20200205_212310-768x432.jpg 768w\" sizes=\"(max-width: 525px) 100vw, 525px\" \/><\/a><figcaption id=\"caption-attachment-197\" class=\"wp-caption-text\">Session in Landsberg am Lech<\/figcaption><\/figure>\n<p><strong>Eintritt: <\/strong><\/p>\n<p>Kein Eintritt, die AJI freut sich \u00fcber eine Spende f\u00fcr die GEMA-Beitr\u00e4ge. Reservierung unter\u00a0<a href=\"mailto:reservierung@lech-line.de\" target=\"_blank\" rel=\"noopener\">reservierung@lech-line.de<\/a><\/p>\n<p><strong>Besonderheiten:<\/strong><\/p>\n<p>Seit \u00fcber 30 Jahren veranstaltet die Allg\u00e4uer Jazzinitiative in Landsberg monatlich Jazz-Sessions und leistet auf diese Weise einen unentgeltlichen kulturellen Beitrag f\u00fcr die Stadt Landsberg und deren G\u00e4ste.<\/p>\n","protected":false},"excerpt":{"rendered":"<p>Ort:\u00a0Bahnhofplatz 4, 86899 Landsberg Location:\u00a0Lechline Zur Location-Website leider gibt es derzeit keine Sessions in Landsberg :-(( Sessionleitung:\u00a0Stefan Pentenrieder Eintritt: Kein Eintritt, die AJI freut sich \u00fcber eine Spende f\u00fcr die [&hellip;]<\/p>\n","protected":false},"author":1,"featured_media":0,"parent":64,"menu_order":0,"comment_status":"closed","ping_status":"closed","template":"","meta":{"_EventAllDay":false,"_EventTimezone":"","_EventStartDate":"","_EventEndDate":"","_EventStartDateUTC":"","_EventEndDateUTC":"","_EventShowMap":false,"_EventShowMapLink":false,"_EventURL":"","_EventCost":"","_EventCostDescription":"","_EventCurrencySymbol":"","_EventCurrencyCode":"","_EventCurrencyPosition":"","_EventDateTimeSeparator":"","_EventTimeRangeSeparator":"","_EventOrganizerID":[],"_EventVenueID":[],"_OrganizerEmail":"","_OrganizerPhone":"","_OrganizerWebsite":"","_VenueAddress":"","_VenueCity":"","_VenueCountry":"","_VenueProvince":"","_VenueState":"","_VenueZip":"","_VenuePhone":"","_VenueURL":"","_VenueStateProvince":"","_VenueLat":"","_VenueLng":"","_VenueShowMap":false,"_VenueShowMapLink":false,"footnotes":""},"class_list":["post-193","page","type-page","status-publish","hentry"],"_links":{"self":[{"href":"http:\/\/www.allgaeu-jazz.de\/index.php\/wp-json\/wp\/v2\/pages\/193"}],"collection":[{"href":"http:\/\/www.allgaeu-jazz.de\/index.php\/wp-json\/wp\/v2\/pages"}],"about":[{"href":"http:\/\/www.allgaeu-jazz.de\/index.php\/wp-json\/wp\/v2\/types\/page"}],"author":[{"embeddable":true,"href":"http:\/\/www.allgaeu-jazz.de\/index.php\/wp-json\/wp\/v2\/users\/1"}],"replies":[{"embeddable":true,"href":"http:\/\/www.allgaeu-jazz.de\/index.php\/wp-json\/wp\/v2\/comments?post=193"}],"version-history":[{"count":7,"href":"http:\/\/www.allgaeu-jazz.de\/index.php\/wp-json\/wp\/v2\/pages\/193\/revisions"}],"predecessor-version":[{"id":593,"href":"http:\/\/www.allgaeu-jazz.de\/index.php\/wp-json\/wp\/v2\/pages\/193\/revisions\/593"}],"up":[{"embeddable":true,"href":"http:\/\/www.allgaeu-jazz.de\/index.php\/wp-json\/wp\/v2\/pages\/64"}],"wp:attachment":[{"href":"http:\/\/www.allgaeu-jazz.de\/index.php\/wp-json\/wp\/v2\/media?parent=193"}],"curies":[{"name":"wp","href":"https:\/\/api.w.org\/{rel}","templated":true}]}}

<p><strong>Ort: </strong>Bahnhofplatz 4, 86899 Landsberg</p>
<p><strong>Location: </strong>Lechline</p>
<p><a href="https://www.lech-line.de/"><strong>Zur Location-Website</strong></a></p>
<p><b>leider gibt es derzeit keine Sessions in Landsberg :-((</b></p>
<p><strong>Sessionleitung: </strong>Stefan Pentenrieder</p>
<figure id="attachment_197" aria-describedby="caption-attachment-197" style="width: 525px" class="wp-caption aligncenter"><a href="http://www.allgaeu-jazz.de/wp-content/uploads/2020/02/20200205_212310.jpg"><img loading="lazy" decoding="async" class="wp-image-197 size-large" src="http://www.allgaeu-jazz.de/wp-content/uploads/2020/02/20200205_212310-1024x576.jpg" alt="Session in Landsberg am Lech" width="525" height="295" srcset="http://www.allgaeu-jazz.de/wp-content/uploads/2020/02/20200205_212310-1024x576.jpg 1024w, http://www.allgaeu-jazz.de/wp-content/uploads/2020/02/20200205_212310-300x169.jpg 300w, http://www.allgaeu-jazz.de/wp-content/uploads/2020/02/20200205_212310-768x432.jpg 768w" sizes="(max-width: 525px) 100vw, 525px" /></a><figcaption id="caption-attachment-197" class="wp-caption-text">Session in Landsberg am Lech</figcaption></figure>
<p><strong>Eintritt: </strong></p>
<p>Kein Eintritt, die AJI freut sich über eine Spende für die GEMA-Beiträge. Reservierung unter <a href="mailto:reservierung@lech-line.de" target="_blank" rel="noopener">reservierung@lech-line.de</a></p>
<p><strong>Besonderheiten:</strong></p>
<p>Seit über 30 Jahren veranstaltet die Allgäuer Jazzinitiative in Landsberg monatlich Jazz-Sessions und leistet auf diese Weise einen unentgeltlichen kulturellen Beitrag für die Stadt Landsberg und deren Gäste.</p>

<p>Ort: Bahnhofplatz 4, 86899 Landsberg Location: Lechline Zur Location-Website leider gibt es derzeit keine Sessions in Landsberg :-(( Sessionleitung: Stefan Pentenrieder Eintritt: Kein Eintritt, die AJI freut sich über eine Spende für die [&hellip;]</p>
