{"id":11,"date":"2018-05-07T16:07:41","date_gmt":"2018-05-07T14:07:41","guid":{"rendered":"http:\/\/www.allgaeu-jazz.de\/?page_id=11"},"modified":"2025-11-09T17:22:48","modified_gmt":"2025-11-09T16:22:48","slug":"workshops","status":"publish","type":"page","link":"http:\/\/www.allgaeu-jazz.de\/index.php\/workshops\/","title":{"rendered":"Workshop 2026"},"content":{"rendered":"<h2>\u201cEnsemblespiel und Improvisation\u201d<\/h2>\n<p>mit Magnus Dauner<\/p>\n<p><strong>Der Kurs richtet sich speziell an junge Musikerinnen und Musiker und wird \u00fcber die Allg\u00e4uer Jazz Initiative entsprechend bezuschusst.<\/strong><\/p>\n<p>Im Kurs werden die bestehenden Jazzkenntnisse vertieft. Der Schwerpunkt liegt auf Improvisation und Ensemblespiel.<\/p>\n<ul>\n<li>Im Kurs werden nach dem Konzept von Magnus Dauner gerade \u00fcber das Geh\u00f6r verschiedene St\u00fccke erarbeitet.<\/li>\n<li>Gearbeitet wird in einer oder zwei Ensembles, basierend auf der klassischen Jazzbesetzung mit Rhythmusgruppe (Bass\/Drums\/Gitarre\/Piano), sowie Bl\u00e4sern. Auch m\u00f6glich sind Streichinstrumente und nat\u00fcrlich Gesang Die Besetzung ist abh\u00e4ngig von den angemeldeten Instrumenten.<\/li>\n<li>Abendliche Sessions der Musiker.<\/li>\n<li>Gemeinsames Musikh\u00f6ren, Genie\u00dfen und Verstehen.<\/li>\n<li>Auch das Kennenlernen gleichgesinnter Musikerinnen und Musiker ist Teil des Kurskonzepts.<\/li>\n<\/ul>\n<p><strong>Beginn:\u00a0 <\/strong>Fr, 20.03.26, 18:00 Uhr, (Start mit Abendessen)<\/p>\n<p><strong>Ende:<\/strong> So, 22.03.25,6, 13:00 Uhr (Ende mit Mittagessen)<\/p>\n<p><strong>Ort:<\/strong> Bayerische Musikakademie Marktoberdorf, Kurf\u00fcrstenstra\u00dfe 19, 87616 Marktoberdorf,\u00a0<a href=\"http:\/\/www.modakademie.de\">www.modakademie.de<\/a><\/p>\n<p><strong>Kursgeb\u00fchr: <\/strong>Die Kursgeb\u00fchr setzt sich aus der Workshopgeb\u00fchr und der Tagesverpflegung mit, bzw. ohne \u00dcbernachtung zusammen und liegt zwischen <strong>120 EUR und 170 EUR.<\/strong><\/p>\n\n\n<p><\/p>\n\n\n\n<p><strong>Magnus Dauner<\/strong><\/p>\n\n\n\n<p>Magnus Dauner studierte Jazz Schlagzeug an der Hochschule f\u00fcr Musik und Theater M\u00fcnchen, s\u00fcdindische Perkussion (Konnakol &amp; Mridangam) am Karnataka College of Percussion in Indien und war Stipendiat an der Universit\u00e4t Hildesheim im Masterstudiengang \u201cMusik.welt \u2013 Kulturelle Diversit\u00e4t in der musikalischen Bildung\u201d. Erg\u00e4nzend zur Ausbildung im akademischen Rahmen unternahm Dauner verschiedene Studienreisen ins Ausland. Im Zuge dessen erhielt er Unterricht in Ngoma (ostafrikanisches Trommeln) an der Shina Africa Academy in Dar Es Salam, Tansania, Privatunterricht f\u00fcr Darabuka bei Hakan Kayan in Istanbul und Djembe bei Papis Diob in Mauretanien.<\/p>\n\n\n\n<p><strong>Auf der B\u00fchne: <\/strong>Noch vor seinem ersten Studium war Dauner mehrfacher Preistr\u00e4ger des Wettbewerbs \u201eJugend jazzt\u201c auf Landes- und Bundesebene. Neben der Leitung seines eigenen Jazz-Ensembles Portrait in Rhythm ist Magnus Dauner als Perkussionist und Schlagzeuger verschiedenstes Genre gefragt. Aktuell arbeitet er mit der Liedermacherin Sarah Straub, der Worldbeat Gruppe Orange, Ludwig Himpsl&#8217;s World Wide Wig oder dem Jazzprojekt \u201eAMuse\u201c von Karoline Weidt und Kilian Sladek zusammen.<\/p>\n\n\n\n<p>Als Sideman spielte er Konzerte mit Musikern und Musikerinnen wie Sigi Schwab, Thorsten deWinkel, Kai Eckhardt, Matthias Schriefl, Stephanie Lottermoser, Wolfgang Lackerschmid, dem Karnataka College of Percussion, Pianotainment, La Cefetera Roja, Sternblut, Clara Louise,&nbsp; uvm.&nbsp; Dauner arbeitet regelm\u00e4\u00dfig mit K\u00fcnstlern aus den Bereichen Tanz &amp; darstellende Kunst (u.a. Rukmini Vijayakumar aus Indien, Manasvini K. Eberl) zusammen, sowie mit dem Bildhauer Guido Weggenmann und war an verschiedenen Theaterproduktionen beteiligt.<\/p>\n\n\n\n<p><strong>Als P\u00e4dagoge: <\/strong>Als Dozent gibt Magnus Dauner regelm\u00e4\u00dfig Kurse und Fortbildung zu Konnakol (indische Rhythmussprache) an verschiedenen Instituten und Akademien wie der Elbphilharmonie Hamburg, der Landesmusikakademie Berlin, der Universit\u00e4t Hildesheim oder der Akademie Burg F\u00fcrsteneck und an unterschiedlichen Bildungseinrichtungen von der Grundschule bis zur Universit\u00e4t. Magnus Dauner ist ebenfalls als Workshopdozent im Jazz und Jugendbereich t\u00e4tig. So u.a. bei den Jazz juniors des Landesjugendjazzorchester Bayern oder der Sing- und Musikschule Kempten.<\/p>\n\n\n\n<p><strong>Neben der B\u00fchne: <\/strong>Magnus Dauner ist seit 2021 1ster stellvertretender Vorsitzender des Bayerischen Jazzverband e.V. und Mitglied im Beirat Jazz des Bayerischen Musikrats.<\/p>\n\n\n\n<h3 class=\"wp-block-heading\"><strong><em><u>Anmeldung zum Workshop<\/u>\u00a0Bitte Email-Anmeldung (Foto\/scan) \u00a0an : <a href=\"mailto:info@allgaeu-jazz.de\">info@allgaeu-jazz.de<\/a>\u00a0 <\/em><\/strong>\u00a0<\/h3>\n\n\n\n<p>Vorname, Name: &nbsp;&nbsp;&nbsp;&nbsp;&nbsp;&nbsp;&nbsp;&nbsp;&nbsp;&nbsp;&nbsp; ____________________________________________________<\/p>\n\n\n\n<p>Anschrift:&nbsp;&nbsp;&nbsp;&nbsp;&nbsp;&nbsp;&nbsp;&nbsp; &nbsp;&nbsp;&nbsp;&nbsp;&nbsp;&nbsp;&nbsp;&nbsp;&nbsp;&nbsp;&nbsp; ____________________________________________________<\/p>\n\n\n\n<p>&nbsp;&nbsp;&nbsp;&nbsp;&nbsp;&nbsp;&nbsp;&nbsp;&nbsp;&nbsp;&nbsp;&nbsp;&nbsp;&nbsp;&nbsp;&nbsp;&nbsp;&nbsp;&nbsp;&nbsp;&nbsp;&nbsp;&nbsp; &nbsp;&nbsp;&nbsp;&nbsp;&nbsp;&nbsp;&nbsp;&nbsp;&nbsp;&nbsp;&nbsp; ____________________________________________________<\/p>\n\n\n\n<p>PLZ, Ort:&nbsp;&nbsp;&nbsp;&nbsp;&nbsp;&nbsp;&nbsp;&nbsp; &nbsp;&nbsp;&nbsp;&nbsp;&nbsp;&nbsp;&nbsp;&nbsp;&nbsp;&nbsp;&nbsp; ____________________________________________________<\/p>\n\n\n\n<p>Telefon:&nbsp;&nbsp;&nbsp;&nbsp;&nbsp;&nbsp;&nbsp;&nbsp;&nbsp;&nbsp; &nbsp;&nbsp;&nbsp;&nbsp;&nbsp;&nbsp;&nbsp;&nbsp;&nbsp;&nbsp;&nbsp; ____________________________________________________<\/p>\n\n\n\n<p>E-Mail-Adresse:&nbsp;&nbsp;&nbsp;&nbsp;&nbsp;&nbsp;&nbsp;&nbsp;&nbsp;&nbsp;&nbsp; ____________________________________________________<\/p>\n\n\n\n<p>Instrument: &nbsp;&nbsp;&nbsp; &nbsp;&nbsp;&nbsp;&nbsp;&nbsp;&nbsp;&nbsp;&nbsp;&nbsp;&nbsp;&nbsp; ____________________________________________________<\/p>\n\n\n\n<p>Geburtsdatum:&nbsp;&nbsp;&nbsp;&nbsp;&nbsp;&nbsp;&nbsp;&nbsp;&nbsp;&nbsp;&nbsp; ____________________________________________________<\/p>\n\n\n\n<ul class=\"wp-block-list\">\n<li>Bin bereits Mitglied der Allg\u00e4uer Jazz Initiative<\/li>\n\n\n\n<li><strong>Ich werde ab 2026 Mitglied der AJI;- Mitgliedsbeitrag: J\u00e4hrlich 45 \u20ac, erm\u00e4\u00dfigt 15 \u20ac. Die 20 \u20ac Erm\u00e4\u00dfigung der Kursgeb\u00fchr werden hier sofort angerechnet. Antrag auf Mitgliedschaft in der AJI &#8211; direkt mit diesem Vordruck, Seite 4<\/strong><\/li>\n\n\n\n<li>70+100=<strong>170 \u20ac<\/strong> Workshop + 2x \u00dcbernachtung mit Vollpension<\/li>\n\n\n\n<li>70+70=<strong>140 \u20ac<\/strong> Workshop + nur 2x Tagesverpflegung (ohne \u00dcbernachtung)<\/li>\n\n\n\n<li>50+100=<strong>150 \u20ac<\/strong> Workshop erm\u00e4\u00dfigt (=AJI Mitgl.) + 2x \u00dcbernachtung mit Vollpension<\/li>\n\n\n\n<li>50+70=<strong>120 \u20ac<\/strong> Workshop erm\u00e4\u00dfigt (=AJI Mitgl.) + nur Tagesverpflegung (ohne \u00dcbernachtung)<\/li>\n\n\n\n<li>Verpflegung: Vegetarisch, Vegan, Glutenfrei, &#8230;<\/li>\n<\/ul>\n\n\n\n<p>Die Geb\u00fchr f\u00fcr Workshop + Verpflegung \u00fcberweise ich auf das unten angegebene Konto der AJI. Ich nehme zur Kenntnis, dass mir bei R\u00fccktritt bis zum 01. M\u00e4rz. 2026 30 \u20ac Bearbeitungsgeb\u00fchr in Rechnung gestellt werden. Bei sp\u00e4terem R\u00fccktritt muss die volle Teilnahmegeb\u00fchr berechnet werden.<\/p>\n\n\n\n<p><strong>Die Anmeldungen werden entsprechend der genannten Besetzungen und in der Reihenfolge der Eing\u00e4ng<\/strong>e <strong>ber\u00fccksichtigt.<\/strong><\/p>\n\n\n\n<p>Ort, Datum, Unterschrift:<\/p>\n\n\n\n<p>\u00a0\u00a0\u2026\u2026\u2026\u2026\u2026\u2026\u2026\u2026\u2026\u2026\u2026\u2026\u2026\u2026\u2026\u2026\u2026\u2026\u2026\u2026\u2026\u2026\u2026\u2026\u2026\u2026..<\/p>\n\n\n\n<p><strong><u>Mitgliedschaft\/Beitritt zur Allg\u00e4uer Jazz Intiative e.V.<\/u><\/strong><\/p>\n\n\n\n<p>Ich trete der Allg\u00e4uer Jazz Initiative e.V. mit der Gl\u00e4ubiger ID-Nummer DE50ZZZ00000107709 bei.<\/p>\n\n\n\n<p>Vorname, Nachname &#8230;&#8230;&#8230;&#8230;&#8230;&#8230;&#8230;&#8230;&#8230;&#8230;&#8230;&#8230;&#8230;&#8230;&#8230;&#8230;&#8230;&#8230;&#8230;&#8230;&#8230;&#8230;&#8230;&#8230;&#8230;&#8230;&#8230;&#8230;&#8230;&#8230;&#8230;&#8230;&#8230;&#8230;&#8230;&#8230;&#8230;&#8230;&#8230;<\/p>\n\n\n\n<p>Geburtsdatum: &#8230;&#8230;&#8230;&#8230;&#8230;&#8230;&#8230;&#8230;&#8230;&#8230;&#8230;&#8230;&#8230;&#8230;&#8230;&#8230;&#8230;&#8230;&#8230;&#8230;&#8230;&#8230;&#8230;&#8230;&#8230;&#8230;&#8230;&#8230;&#8230;&#8230;&#8230;&#8230;&#8230;&#8230;&#8230;&#8230;&#8230;&#8230;&#8230;&#8230;&#8230;&#8230;.<\/p>\n\n\n\n<p>Stra\u00dfe: &#8230;&#8230;&#8230;&#8230;&#8230;&#8230;&#8230;&#8230;&#8230;&#8230;&#8230;&#8230;&#8230;&#8230;&#8230;&#8230;&#8230;&#8230;&#8230;&#8230;&#8230;&#8230;&#8230;&#8230;&#8230;&#8230;&#8230;&#8230;&#8230;&#8230;&#8230;&#8230;&#8230;&#8230;&#8230;&#8230;&#8230;&#8230;&#8230;&#8230;&#8230;&#8230;&#8230;&#8230;.<\/p>\n\n\n\n<p>PLZ, Ort: &#8230;&#8230;&#8230;&#8230;&#8230;\u2026.,\u00a0\u00a0&#8230;&#8230;&#8230;&#8230;&#8230;&#8230;&#8230;&#8230;&#8230;&#8230;&#8230;&#8230;&#8230;&#8230;&#8230;&#8230;&#8230;&#8230;&#8230;&#8230;&#8230;&#8230;&#8230;&#8230;&#8230;&#8230;&#8230;&#8230;&#8230;&#8230;&#8230;&#8230;&#8230;<\/p>\n\n\n\n<p>Email: &#8230;&#8230;&#8230;&#8230;&#8230;&#8230;&#8230;&#8230;&#8230;&#8230;&#8230;&#8230;&#8230;&#8230;&#8230;&#8230;&#8230;&#8230;&#8230;&#8230;&#8230;&#8230;&#8230;&#8230;&#8230;&#8230;&#8230;&#8230;&#8230;&#8230;&#8230;&#8230;&#8230;&#8230;&#8230;&#8230;&#8230;&#8230;&#8230;&#8230;&#8230;&#8230;&#8230;&#8230;.<\/p>\n\n\n\n<p>Telefonnummer: &#8230;&#8230;&#8230;&#8230;&#8230;&#8230;&#8230;&#8230;&#8230;&#8230;&#8230;&#8230;&#8230;&#8230;&#8230;&#8230;&#8230;&#8230;&#8230;&#8230;&#8230;&#8230;&#8230;&#8230;&#8230;&#8230;&#8230;&#8230;&#8230;&#8230;&#8230;&#8230;&#8230;&#8230;&#8230;&#8230;&#8230;&#8230;&#8230;&#8230;&#8230;..<\/p>\n\n\n\n<p>Instrument:&nbsp;&nbsp;&nbsp;&nbsp; &#8230;&#8230;&#8230;&#8230;&#8230;&#8230;&#8230;&#8230;&#8230;&#8230;&#8230;&#8230;&#8230;&#8230;&#8230;&#8230;&#8230;&#8230;&#8230;&#8230;&#8230;&#8230;&#8230;&#8230;&#8230;&#8230;&#8230;&#8230;&#8230;&#8230;&#8230;&#8230;&#8230;&#8230;&#8230;&#8230;&#8230;&#8230;&#8230;&#8230;&#8230;&#8230;&#8230;.<\/p>\n\n\n\n<p>Name der Bank: &#8230;&#8230;&#8230;&#8230;&#8230;&#8230;&#8230;&#8230;&#8230;&#8230;&#8230;&#8230;&#8230;&#8230;&#8230;&#8230;&#8230;&#8230;&#8230;&#8230;&#8230;&#8230;&#8230;&#8230;&#8230;&#8230;&#8230;&#8230;&#8230;&#8230;&#8230;&#8230;&#8230;&#8230;&#8230;&#8230;&#8230;&#8230;&#8230;&#8230;&#8230;&#8230;<\/p>\n\n\n\n<p>IBAN&#8230;&#8230;&#8230;&#8230;&#8230;&#8230;&#8230;&#8230;&#8230;&#8230;&#8230;&#8230;&#8230;&#8230;&#8230;&#8230;&#8230;&#8230;&#8230;&#8230;&#8230;&#8230;&#8230;&#8230;&#8230;&#8230;&#8230;&#8230;&#8230;&#8230;&#8230;&#8230;&#8230;&#8230;&#8230;&#8230;&#8230;&#8230;&#8230;&#8230;&#8230;..<\/p>\n\n\n\n<p>\uf0f0&nbsp;&nbsp;&nbsp;&nbsp;&nbsp;&nbsp;&nbsp;&nbsp; <a>Erm\u00e4\u00dfigt<\/a> = 15,- EUR<\/p>\n\n\n\n<p>\uf0f0&nbsp;&nbsp;&nbsp;&nbsp;&nbsp;&nbsp;&nbsp;&nbsp; Erwachsener = 45,- EUR<\/p>\n\n\n\n<p>\uf0f0&nbsp;&nbsp;&nbsp;&nbsp;&nbsp;&nbsp;&nbsp;&nbsp; Familie = 60,- EUR<\/p>\n\n\n\n<p>Ich erm\u00e4chtige die Allg\u00e4uer Jazz Initiative e.V. Zahlungen von meinem Konto mittels Lastschrift einzuziehen. Zugleich weise ich mein Kreditinstitut an, die von der Allg\u00e4uer Jazz Initiative e.V. auf mein Konto gezogenen Lastschriften einzul\u00f6sen.<\/p>\n\n\n\n<p>Hinweis: Ich kann innerhalb von acht Wochen, beginnend mit dem Belastungsdatum, die Erstattung des belasteten Betrages verlangen. Es gelten dabei die mit meinem Kreditinstitut vereinbarten Bedingungen.<\/p>\n\n\n\n<p>Ort, Datum, Unterschrift:<\/p>\n\n\n\n<p>&#8230;&#8230;&#8230;&#8230;&#8230;&#8230;&#8230;&#8230;&#8230;&#8230;&#8230;&#8230;&#8230;&#8230;&#8230;&#8230;&#8230;&#8230;&#8230;&#8230;&#8230;&#8230;&#8230;&#8230;&#8230;&#8230;&#8230;&#8230;&#8230;&#8230;&#8230;&#8230;&#8230;&#8230;&#8230;&#8230;&#8230;&#8230;&#8230;&#8230;&#8230;&#8230;&#8230;&#8230;.<\/p>\n\n\n\n<p><strong>Bitte die Anmeldung der Mitgliedschaft an untenstehende E-Mail-Adresse schicken.<\/strong><\/p>\n\n\n\n<p>Datenschutz gem\u00e4\u00df den gesetzlichen Regelungen.<\/p>\n\n\n\n<p>Die AJI gibt die pers\u00f6nlichen Daten an keine andere Organisation\/Personen etc. weiter.<\/p>\n","protected":false},"excerpt":{"rendered":"<p>\u201cEnsemblespiel und Improvisation\u201d mit Magnus Dauner Der Kurs richtet sich speziell an junge Musikerinnen und Musiker und wird \u00fcber die Allg\u00e4uer Jazz Initiative entsprechend bezuschusst. Im Kurs werden die bestehenden [&hellip;]<\/p>\n","protected":false},"author":1,"featured_media":0,"parent":0,"menu_order":0,"comment_status":"closed","ping_status":"closed","template":"","meta":{"_EventAllDay":false,"_EventTimezone":"","_EventStartDate":"","_EventEndDate":"","_EventStartDateUTC":"","_EventEndDateUTC":"","_EventShowMap":false,"_EventShowMapLink":false,"_EventURL":"","_EventCost":"","_EventCostDescription":"","_EventCurrencySymbol":"","_EventCurrencyCode":"","_EventCurrencyPosition":"","_EventDateTimeSeparator":"","_EventTimeRangeSeparator":"","_EventOrganizerID":[],"_EventVenueID":[],"_OrganizerEmail":"","_OrganizerPhone":"","_OrganizerWebsite":"","_VenueAddress":"","_VenueCity":"","_VenueCountry":"","_VenueProvince":"","_VenueState":"","_VenueZip":"","_VenuePhone":"","_VenueURL":"","_VenueStateProvince":"","_VenueLat":"","_VenueLng":"","_VenueShowMap":false,"_VenueShowMapLink":false,"footnotes":""},"class_list":["post-11","page","type-page","status-publish","hentry"],"_links":{"self":[{"href":"http:\/\/www.allgaeu-jazz.de\/index.php\/wp-json\/wp\/v2\/pages\/11"}],"collection":[{"href":"http:\/\/www.allgaeu-jazz.de\/index.php\/wp-json\/wp\/v2\/pages"}],"about":[{"href":"http:\/\/www.allgaeu-jazz.de\/index.php\/wp-json\/wp\/v2\/types\/page"}],"author":[{"embeddable":true,"href":"http:\/\/www.allgaeu-jazz.de\/index.php\/wp-json\/wp\/v2\/users\/1"}],"replies":[{"embeddable":true,"href":"http:\/\/www.allgaeu-jazz.de\/index.php\/wp-json\/wp\/v2\/comments?post=11"}],"version-history":[{"count":10,"href":"http:\/\/www.allgaeu-jazz.de\/index.php\/wp-json\/wp\/v2\/pages\/11\/revisions"}],"predecessor-version":[{"id":786,"href":"http:\/\/www.allgaeu-jazz.de\/index.php\/wp-json\/wp\/v2\/pages\/11\/revisions\/786"}],"wp:attachment":[{"href":"http:\/\/www.allgaeu-jazz.de\/index.php\/wp-json\/wp\/v2\/media?parent=11"}],"curies":[{"name":"wp","href":"https:\/\/api.w.org\/{rel}","templated":true}]}}